{"id":11,"date":"2014-11-24T13:42:37","date_gmt":"2014-11-24T12:42:37","guid":{"rendered":"https:\/\/chateletdejayac.com\/produits\/?page_id=11"},"modified":"2024-11-15T11:06:30","modified_gmt":"2024-11-15T10:06:30","slug":"accueil","status":"publish","type":"page","link":"https:\/\/chateletdejayac.com\/produits\/","title":{"rendered":"Accueil"},"content":{"rendered":"\n<p>Bienvenue !<\/p>\n\n\n\n<p>Nous sommes heureux de vous pr\u00e9senter l&#8217;ensemble de la production de notre ferme situ\u00e9e pr\u00e8s de Sarlat en P\u00e9rigord Noir.<\/p>\n\n\n\n<p>Au fil des g\u00e9n\u00e9rations, notre famille a su pr\u00e9server l&#8217;\u00e9levage et le gavage traditionnel des oies : pour vous garantir une tra\u00e7abilit\u00e9 et une qualit\u00e9 optimale de nos oies , toute l&#8217;alimentation (c\u00e9r\u00e9ale et herbe) est produite sur la ferme.  Les asperges constituent une activit\u00e9 saisonni\u00e8re entre les mois d&#8217;avril et juin : elles sont vendues directement sur les march\u00e9s locaux ou en bocaux.  Les truffes font l&#8217;objet de toutes les attentions de Raymond, le p\u00e8re de St\u00e9phane, et de son chien Fid\u00e8le, sp\u00e9cialis\u00e9 dans leur recherche.<\/p>\n\n\n\n<p>Seulement les produits issus de notre ferme sont commercialis\u00e9s<\/p>\n\n\n\n<p>Nous vous souhaitons la bienvenue dans notre ferme et vous r\u00e9serverons notre meilleur accueil sur les march\u00e9s.<\/p>\n","protected":false},"excerpt":{"rendered":"<p>Bienvenue ! Nous sommes heureux de vous pr\u00e9senter l&#8217;ensemble de la production de notre ferme situ\u00e9e pr\u00e8s de Sarlat en P\u00e9rigord Noir. Au fil des g\u00e9n\u00e9rations, notre famille a su pr\u00e9server l&#8217;\u00e9levage et le gavage traditionnel des oies : pour &hellip; <a href=\"https:\/\/chateletdejayac.com\/produits\/\">Continuer la lecture <span class=\"meta-nav\">&rarr;<\/span><\/a><\/p>\n","protected":false},"author":1,"featured_media":0,"parent":0,"menu_order":0,"comment_status":"closed","ping_status":"closed","template":"sidebar-page.php","meta":{"footnotes":""},"class_list":["post-11","page","type-page","status-publish","hentry"],"_links":{"self":[{"href":"https:\/\/chateletdejayac.com\/produits\/wp-json\/wp\/v2\/pages\/11","targetHints":{"allow":["GET"]}}],"collection":[{"href":"https:\/\/chateletdejayac.com\/produits\/wp-json\/wp\/v2\/pages"}],"about":[{"href":"https:\/\/chateletdejayac.com\/produits\/wp-json\/wp\/v2\/types\/page"}],"author":[{"embeddable":true,"href":"https:\/\/chateletdejayac.com\/produits\/wp-json\/wp\/v2\/users\/1"}],"replies":[{"embeddable":true,"href":"https:\/\/chateletdejayac.com\/produits\/wp-json\/wp\/v2\/comments?post=11"}],"version-history":[{"count":1,"href":"https:\/\/chateletdejayac.com\/produits\/wp-json\/wp\/v2\/pages\/11\/revisions"}],"predecessor-version":[{"id":280,"href":"https:\/\/chateletdejayac.com\/produits\/wp-json\/wp\/v2\/pages\/11\/revisions\/280"}],"wp:attachment":[{"href":"https:\/\/chateletdejayac.com\/produits\/wp-json\/wp\/v2\/media?parent=11"}],"curies":[{"name":"wp","href":"https:\/\/api.w.org\/{rel}","templated":true}]}}