{"id":7,"date":"2015-01-05T22:20:49","date_gmt":"2015-01-05T21:20:49","guid":{"rendered":"https:\/\/chateletdejayac.com\/miladiou\/?page_id=7"},"modified":"2024-11-15T16:46:22","modified_gmt":"2024-11-15T15:46:22","slug":"quo-es-io","status":"publish","type":"page","link":"https:\/\/chateletdejayac.com\/jaiacs\/quo-es-io\/","title":{"rendered":"Qu\u00f2 es i\u00f2 !"},"content":{"rendered":"\n<p>Qu\u00f2 es i\u00f2 !<\/p>\n\n\n\n<p>La dr\u00f2lla qu&#8217;\u00e8ri a auvit f\u00f2r\u00e7a occitan : aquel de Jayac e aquel de Chartrier-Ferri\u00e8ra, lo P\u00e9rig\u00f2rd e la Corr\u00e8za ; lo Lengadocian e lo Lemosin : lo &#8220;cast\u00e8l&#8221; e lo &#8220;chasteu&#8221;.<\/p>\n\n\n\n<p>Jayac es a la fronti\u00e8ra de la Corr\u00e8za, del Lot e del P\u00e9rig\u00f2rd : la gent se maridavan dins los vilatges a l&#8217;entorn ; qu\u00f2 fugu\u00e8t lo cas del costat de ma maire et de mon paire. Ai agut la chan\u00e7a d&#8217;auvir tanben lo parlar d&#8217;Estival e d&#8217;Archignac, e de poder tot boirar !<\/p>\n\n\n\n<p>Aura, p\u00f2di comprene mai o mens totas las regions e esp\u00e8ri aprigondir tot aqu\u00f2 ; mas v\u00f2li tanben demorar al pus pr\u00e8p d&#8217;aquel petit bo\u00e7in de t\u00e8rra qu&#8217;es la meuna.<\/p>\n","protected":false},"excerpt":{"rendered":"<p>Qu\u00f2 es i\u00f2 ! La dr\u00f2lla qu&#8217;\u00e8ri a auvit f\u00f2r\u00e7a occitan : aquel de Jayac e aquel de Chartrier-Ferri\u00e8ra, lo P\u00e9rig\u00f2rd e la Corr\u00e8za ; lo Lengadocian e lo Lemosin : lo &#8220;cast\u00e8l&#8221; e lo &#8220;chasteu&#8221;. Jayac es a la fronti\u00e8ra de la Corr\u00e8za, del Lot e del P\u00e9rig\u00f2rd : la gent se maridavan dins [&hellip;]<\/p>\n","protected":false},"author":1,"featured_media":91,"parent":0,"menu_order":0,"comment_status":"closed","ping_status":"closed","template":"","meta":{"footnotes":""},"class_list":["post-7","page","type-page","status-publish","has-post-thumbnail","hentry"],"_links":{"self":[{"href":"https:\/\/chateletdejayac.com\/jaiacs\/wp-json\/wp\/v2\/pages\/7","targetHints":{"allow":["GET"]}}],"collection":[{"href":"https:\/\/chateletdejayac.com\/jaiacs\/wp-json\/wp\/v2\/pages"}],"about":[{"href":"https:\/\/chateletdejayac.com\/jaiacs\/wp-json\/wp\/v2\/types\/page"}],"author":[{"embeddable":true,"href":"https:\/\/chateletdejayac.com\/jaiacs\/wp-json\/wp\/v2\/users\/1"}],"replies":[{"embeddable":true,"href":"https:\/\/chateletdejayac.com\/jaiacs\/wp-json\/wp\/v2\/comments?post=7"}],"version-history":[{"count":1,"href":"https:\/\/chateletdejayac.com\/jaiacs\/wp-json\/wp\/v2\/pages\/7\/revisions"}],"predecessor-version":[{"id":121,"href":"https:\/\/chateletdejayac.com\/jaiacs\/wp-json\/wp\/v2\/pages\/7\/revisions\/121"}],"wp:featuredmedia":[{"embeddable":true,"href":"https:\/\/chateletdejayac.com\/jaiacs\/wp-json\/wp\/v2\/media\/91"}],"wp:attachment":[{"href":"https:\/\/chateletdejayac.com\/jaiacs\/wp-json\/wp\/v2\/media?parent=7"}],"curies":[{"name":"wp","href":"https:\/\/api.w.org\/{rel}","templated":true}]}}

Quò es iò !

<p>Quò es iò !</p>



<p>La dròlla qu&#8217;èri a auvit fòrça occitan : aquel de Jayac e aquel de Chartrier-Ferrièra, lo Périgòrd e la Corrèza ; lo Lengadocian e lo Lemosin : lo &#8220;castèl&#8221; e lo &#8220;chasteu&#8221;.</p>



<p>Jayac es a la frontièra de la Corrèza, del Lot e del Périgòrd : la gent se maridavan dins los vilatges a l&#8217;entorn ; quò fuguèt lo cas del costat de ma maire et de mon paire. Ai agut la chança d&#8217;auvir tanben lo parlar d&#8217;Estival e d&#8217;Archignac, e de poder tot boirar !</p>



<p>Aura, pòdi comprene mai o mens totas las regions e espèri aprigondir tot aquò ; mas vòli tanben demorar al pus prèp d&#8217;aquel petit boçin de tèrra qu&#8217;es la meuna.</p>

<p>Quò es iò ! La dròlla qu&#8217;èri a auvit fòrça occitan : aquel de Jayac e aquel de Chartrier-Ferrièra, lo Périgòrd e la Corrèza ; lo Lengadocian e lo Lemosin : lo &#8220;castèl&#8221; e lo &#8220;chasteu&#8221;. Jayac es a la frontièra de la Corrèza, del Lot e del Périgòrd : la gent se maridavan dins [&hellip;]</p>
