{"id":22,"date":"2014-11-24T10:06:15","date_gmt":"2014-11-24T09:06:15","guid":{"rendered":"https:\/\/chateletdejayac.com\/chambres\/?page_id=22"},"modified":"2024-11-15T10:54:24","modified_gmt":"2024-11-15T09:54:24","slug":"suzanne","status":"publish","type":"page","link":"https:\/\/chateletdejayac.com\/chambres\/suzanne\/","title":{"rendered":"Suzanne"},"content":{"rendered":"\n<p>Chambre pour 2 personnes et 1 enfant avec chemin\u00e9e du XVIII\u00e8me et vue sur le vallon de Jayac.<\/p>\n\n\n\n<h2 class=\"wp-block-heading\">1 grand lit sanitaire wc pour 2 pers. petits d\u00e9js.compris.<\/h2>\n\n\n\n<h1 class=\"wp-block-heading\">Tariff<\/h1>\n\n\n\n<p>60 \u20ac TTC \/nuit<\/p>\n\n\n\n<figure class=\"wp-block-gallery has-nested-images columns-default is-cropped wp-block-gallery-1 is-layout-flex wp-block-gallery-is-layout-flex\">\n<figure class=\"wp-block-image\"><img loading=\"lazy\" decoding=\"async\" width=\"534\" height=\"401\" data-id=\"121\" src=\"https:\/\/chateletdejayac.com\/chambres\/wp-content\/uploads\/sites\/4\/2014\/11\/Suzanne-3.jpg\" alt=\"Suzanne-Chambre\" class=\"wp-image-121\" srcset=\"https:\/\/chateletdejayac.com\/chambres\/wp-content\/uploads\/sites\/4\/2014\/11\/Suzanne-3.jpg 534w, https:\/\/chateletdejayac.com\/chambres\/wp-content\/uploads\/sites\/4\/2014\/11\/Suzanne-3-300x225.jpg 300w, https:\/\/chateletdejayac.com\/chambres\/wp-content\/uploads\/sites\/4\/2014\/11\/Suzanne-3-399x300.jpg 399w\" sizes=\"auto, (max-width: 534px) 100vw, 534px\" \/><\/figure>\n\n\n\n<figure class=\"wp-block-image\"><img loading=\"lazy\" decoding=\"async\" width=\"534\" height=\"401\" data-id=\"120\" src=\"https:\/\/chateletdejayac.com\/chambres\/wp-content\/uploads\/sites\/4\/2014\/11\/Suzanne-2.jpg\" alt=\"Suzanne-Chambre\" class=\"wp-image-120\" srcset=\"https:\/\/chateletdejayac.com\/chambres\/wp-content\/uploads\/sites\/4\/2014\/11\/Suzanne-2.jpg 534w, https:\/\/chateletdejayac.com\/chambres\/wp-content\/uploads\/sites\/4\/2014\/11\/Suzanne-2-300x225.jpg 300w, https:\/\/chateletdejayac.com\/chambres\/wp-content\/uploads\/sites\/4\/2014\/11\/Suzanne-2-399x300.jpg 399w\" sizes=\"auto, (max-width: 534px) 100vw, 534px\" \/><\/figure>\n\n\n\n<figure class=\"wp-block-image\"><img loading=\"lazy\" decoding=\"async\" width=\"534\" height=\"401\" data-id=\"119\" src=\"https:\/\/chateletdejayac.com\/chambres\/wp-content\/uploads\/sites\/4\/2014\/11\/Suzanne-1.jpg\" alt=\"Suzanne-Chambre avec grand lit\" class=\"wp-image-119\" srcset=\"https:\/\/chateletdejayac.com\/chambres\/wp-content\/uploads\/sites\/4\/2014\/11\/Suzanne-1.jpg 534w, https:\/\/chateletdejayac.com\/chambres\/wp-content\/uploads\/sites\/4\/2014\/11\/Suzanne-1-300x225.jpg 300w, https:\/\/chateletdejayac.com\/chambres\/wp-content\/uploads\/sites\/4\/2014\/11\/Suzanne-1-399x300.jpg 399w\" sizes=\"auto, (max-width: 534px) 100vw, 534px\" \/><\/figure>\n<\/figure>\n","protected":false},"excerpt":{"rendered":"<p>Chambre pour 2 personnes et 1 enfant avec chemin\u00e9e du XVIII\u00e8me et vue sur le vallon de Jayac. 1 grand lit sanitaire wc pour 2 pers. petits d\u00e9js.compris. Tariff 60 \u20ac TTC \/nuit<\/p>\n","protected":false},"author":1,"featured_media":0,"parent":0,"menu_order":0,"comment_status":"closed","ping_status":"closed","template":"sidebar-page.php","meta":{"footnotes":""},"class_list":["post-22","page","type-page","status-publish","hentry"],"_links":{"self":[{"href":"https:\/\/chateletdejayac.com\/chambres\/wp-json\/wp\/v2\/pages\/22","targetHints":{"allow":["GET"]}}],"collection":[{"href":"https:\/\/chateletdejayac.com\/chambres\/wp-json\/wp\/v2\/pages"}],"about":[{"href":"https:\/\/chateletdejayac.com\/chambres\/wp-json\/wp\/v2\/types\/page"}],"author":[{"embeddable":true,"href":"https:\/\/chateletdejayac.com\/chambres\/wp-json\/wp\/v2\/users\/1"}],"replies":[{"embeddable":true,"href":"https:\/\/chateletdejayac.com\/chambres\/wp-json\/wp\/v2\/comments?post=22"}],"version-history":[{"count":4,"href":"https:\/\/chateletdejayac.com\/chambres\/wp-json\/wp\/v2\/pages\/22\/revisions"}],"predecessor-version":[{"id":224,"href":"https:\/\/chateletdejayac.com\/chambres\/wp-json\/wp\/v2\/pages\/22\/revisions\/224"}],"wp:attachment":[{"href":"https:\/\/chateletdejayac.com\/chambres\/wp-json\/wp\/v2\/media?parent=22"}],"curies":[{"name":"wp","href":"https:\/\/api.w.org\/{rel}","templated":true}]}}

<p>Chambre pour 2 personnes et 1 enfant avec cheminée du XVIIIème et vue sur le vallon de Jayac.</p>



<h2 class="wp-block-heading">1 grand lit sanitaire wc pour 2 pers. petits déjs.compris.</h2>



<h1 class="wp-block-heading">Tariff</h1>



<p>60 € TTC /nuit</p>



<figure class="wp-block-gallery has-nested-images columns-default is-cropped wp-block-gallery-1 is-layout-flex wp-block-gallery-is-layout-flex">
<figure class="wp-block-image"><img loading="lazy" decoding="async" width="534" height="401" data-id="121" src="https://chateletdejayac.com/chambres/wp-content/uploads/sites/4/2014/11/Suzanne-3.jpg" alt="Suzanne-Chambre" class="wp-image-121" srcset="https://chateletdejayac.com/chambres/wp-content/uploads/sites/4/2014/11/Suzanne-3.jpg 534w, https://chateletdejayac.com/chambres/wp-content/uploads/sites/4/2014/11/Suzanne-3-300x225.jpg 300w, https://chateletdejayac.com/chambres/wp-content/uploads/sites/4/2014/11/Suzanne-3-399x300.jpg 399w" sizes="auto, (max-width: 534px) 100vw, 534px" /></figure>



<figure class="wp-block-image"><img loading="lazy" decoding="async" width="534" height="401" data-id="120" src="https://chateletdejayac.com/chambres/wp-content/uploads/sites/4/2014/11/Suzanne-2.jpg" alt="Suzanne-Chambre" class="wp-image-120" srcset="https://chateletdejayac.com/chambres/wp-content/uploads/sites/4/2014/11/Suzanne-2.jpg 534w, https://chateletdejayac.com/chambres/wp-content/uploads/sites/4/2014/11/Suzanne-2-300x225.jpg 300w, https://chateletdejayac.com/chambres/wp-content/uploads/sites/4/2014/11/Suzanne-2-399x300.jpg 399w" sizes="auto, (max-width: 534px) 100vw, 534px" /></figure>



<figure class="wp-block-image"><img loading="lazy" decoding="async" width="534" height="401" data-id="119" src="https://chateletdejayac.com/chambres/wp-content/uploads/sites/4/2014/11/Suzanne-1.jpg" alt="Suzanne-Chambre avec grand lit" class="wp-image-119" srcset="https://chateletdejayac.com/chambres/wp-content/uploads/sites/4/2014/11/Suzanne-1.jpg 534w, https://chateletdejayac.com/chambres/wp-content/uploads/sites/4/2014/11/Suzanne-1-300x225.jpg 300w, https://chateletdejayac.com/chambres/wp-content/uploads/sites/4/2014/11/Suzanne-1-399x300.jpg 399w" sizes="auto, (max-width: 534px) 100vw, 534px" /></figure>
</figure>

<p>Chambre pour 2 personnes et 1 enfant avec cheminée du XVIIIème et vue sur le vallon de Jayac. 1 grand lit sanitaire wc pour 2 pers. petits déjs.compris. Tariff 60 € TTC /nuit</p>
